{"id":6078,"date":"2017-10-06T14:18:19","date_gmt":"2017-10-06T13:18:19","guid":{"rendered":"https:\/\/www.domenca.com\/blog\/?page_id=6078"},"modified":"2024-08-13T08:21:49","modified_gmt":"2024-08-13T07:21:49","slug":"kontakt","status":"publish","type":"page","link":"https:\/\/www.domenca.com\/blog\/kontakt\/","title":{"rendered":"Kontakt"},"content":{"rendered":"<p>T: +386 (0)4 58 35 444<br \/>\nE: <a href=\"mailto:podpora@domenca.com\">podpora@domenca.com<\/a><\/p>\n<p>&nbsp;<\/p>\n<h6><strong>Webtasy,\u00a0 d.o.o.<\/strong><\/h6>\n<p>Dunajska cesta 110<br \/>\nSI-1000 Ljubljana<\/p>\n<h6>Splo\u0161ni podatki podjetja<\/h6>\n<p>DDV ID \u0161tevilka: SI38077736<br \/>\nZavezanec za DDV: DA<br \/>\nMati\u010dna \u0161tevilka: 1883763000<br \/>\nDirektor: Toma\u017e Ko\u0161tial, Matija Jekovec<br \/>\nOsnovni kapital: 13.812,55 EUR<br \/>\nSrg: 2002\/02234<br \/>\n\u0160t. vlo\u017eka: 1\/07167\/00<br \/>\nTRR: SI56 6100 0002 4238 319 (DH d.d.)<\/p>\n","protected":false},"excerpt":{"rendered":"<p>T: +386 (0)4 58 35 444 E: podpora@domenca.com &nbsp; Webtasy,\u00a0 d.o.o. Dunajska cesta 110 SI-1000 Ljubljana Splo\u0161ni podatki podjetja DDV ID \u0161tevilka: SI38077736 Zavezanec za DDV: DA Mati\u010dna \u0161tevilka: 1883763000 Direktor: Toma\u017e Ko\u0161tial, Matija Jekovec Osnovni kapital: 13.812,55 EUR Srg: 2002\/02234 \u0160t. vlo\u017eka: 1\/07167\/00 TRR: SI56 6100 0002 4238 319 (DH d.d.)<\/p>\n","protected":false},"author":18,"featured_media":0,"parent":0,"menu_order":0,"comment_status":"closed","ping_status":"closed","template":"","meta":{"footnotes":""},"class_list":["post-6078","page","type-page","status-publish","hentry"],"yoast_head":"<!-- This site is optimized with the Yoast SEO plugin v27.3 - https:\/\/yoast.com\/product\/yoast-seo-wordpress\/ -->\n<title>Kontakt - Domenca.com Blog<\/title>\n<meta name=\"robots\" content=\"index, follow, max-snippet:-1, max-image-preview:large, max-video-preview:-1\" \/>\n<link rel=\"canonical\" href=\"https:\/\/www.domenca.com\/blog\/kontakt\/\" \/>\n<meta property=\"og:locale\" content=\"sl_SI\" \/>\n<meta property=\"og:type\" content=\"article\" \/>\n<meta property=\"og:title\" content=\"Kontakt - Domenca.com Blog\" \/>\n<meta property=\"og:description\" content=\"T: +386 (0)4 58 35 444 E: podpora@domenca.com &nbsp; Webtasy,\u00a0 d.o.o. Dunajska cesta 110 SI-1000 Ljubljana Splo\u0161ni podatki podjetja DDV ID \u0161tevilka: SI38077736 Zavezanec za DDV: DA Mati\u010dna \u0161tevilka: 1883763000 Direktor: Toma\u017e Ko\u0161tial, Matija Jekovec Osnovni kapital: 13.812,55 EUR Srg: 2002\/02234 \u0160t. vlo\u017eka: 1\/07167\/00 TRR: SI56 6100 0002 4238 319 (DH d.d.)\" \/>\n<meta property=\"og:url\" content=\"https:\/\/www.domenca.com\/blog\/kontakt\/\" \/>\n<meta property=\"og:site_name\" content=\"Domenca.com Blog\" \/>\n<meta property=\"article:publisher\" content=\"https:\/\/www.facebook.com\/domenca\" \/>\n<meta property=\"article:modified_time\" content=\"2024-08-13T07:21:49+00:00\" \/>\n<meta name=\"twitter:card\" content=\"summary_large_image\" \/>\n<meta name=\"twitter:label1\" content=\"Est. reading time\" \/>\n\t<meta name=\"twitter:data1\" content=\"1 minuta\" \/>\n<script type=\"application\/ld+json\" class=\"yoast-schema-graph\">{\"@context\":\"https:\\\/\\\/schema.org\",\"@graph\":[{\"@type\":\"WebPage\",\"@id\":\"https:\\\/\\\/www.domenca.com\\\/blog\\\/kontakt\\\/\",\"url\":\"https:\\\/\\\/www.domenca.com\\\/blog\\\/kontakt\\\/\",\"name\":\"Kontakt - Domenca.com Blog\",\"isPartOf\":{\"@id\":\"https:\\\/\\\/www.domenca.com\\\/blog\\\/#website\"},\"datePublished\":\"2017-10-06T13:18:19+00:00\",\"dateModified\":\"2024-08-13T07:21:49+00:00\",\"breadcrumb\":{\"@id\":\"https:\\\/\\\/www.domenca.com\\\/blog\\\/kontakt\\\/#breadcrumb\"},\"inLanguage\":\"sl-SI\",\"potentialAction\":[{\"@type\":\"ReadAction\",\"target\":[\"https:\\\/\\\/www.domenca.com\\\/blog\\\/kontakt\\\/\"]}]},{\"@type\":\"BreadcrumbList\",\"@id\":\"https:\\\/\\\/www.domenca.com\\\/blog\\\/kontakt\\\/#breadcrumb\",\"itemListElement\":[{\"@type\":\"ListItem\",\"position\":1,\"name\":\"Home\",\"item\":\"https:\\\/\\\/www.domenca.com\\\/blog\\\/\"},{\"@type\":\"ListItem\",\"position\":2,\"name\":\"Kontakt\"}]},{\"@type\":\"WebSite\",\"@id\":\"https:\\\/\\\/www.domenca.com\\\/blog\\\/#website\",\"url\":\"https:\\\/\\\/www.domenca.com\\\/blog\\\/\",\"name\":\"Domenca.com Blog\",\"description\":\"Domenca Blog\",\"alternateName\":\"Domenca Blog\",\"potentialAction\":[{\"@type\":\"SearchAction\",\"target\":{\"@type\":\"EntryPoint\",\"urlTemplate\":\"https:\\\/\\\/www.domenca.com\\\/blog\\\/?s={search_term_string}\"},\"query-input\":{\"@type\":\"PropertyValueSpecification\",\"valueRequired\":true,\"valueName\":\"search_term_string\"}}],\"inLanguage\":\"sl-SI\"}]}<\/script>\n<!-- \/ Yoast SEO plugin. -->","yoast_head_json":{"title":"Kontakt - Domenca.com Blog","robots":{"index":"index","follow":"follow","max-snippet":"max-snippet:-1","max-image-preview":"max-image-preview:large","max-video-preview":"max-video-preview:-1"},"canonical":"https:\/\/www.domenca.com\/blog\/kontakt\/","og_locale":"sl_SI","og_type":"article","og_title":"Kontakt - Domenca.com Blog","og_description":"T: +386 (0)4 58 35 444 E: podpora@domenca.com &nbsp; Webtasy,\u00a0 d.o.o. Dunajska cesta 110 SI-1000 Ljubljana Splo\u0161ni podatki podjetja DDV ID \u0161tevilka: SI38077736 Zavezanec za DDV: DA Mati\u010dna \u0161tevilka: 1883763000 Direktor: Toma\u017e Ko\u0161tial, Matija Jekovec Osnovni kapital: 13.812,55 EUR Srg: 2002\/02234 \u0160t. vlo\u017eka: 1\/07167\/00 TRR: SI56 6100 0002 4238 319 (DH d.d.)","og_url":"https:\/\/www.domenca.com\/blog\/kontakt\/","og_site_name":"Domenca.com Blog","article_publisher":"https:\/\/www.facebook.com\/domenca","article_modified_time":"2024-08-13T07:21:49+00:00","twitter_card":"summary_large_image","twitter_misc":{"Est. reading time":"1 minuta"},"schema":{"@context":"https:\/\/schema.org","@graph":[{"@type":"WebPage","@id":"https:\/\/www.domenca.com\/blog\/kontakt\/","url":"https:\/\/www.domenca.com\/blog\/kontakt\/","name":"Kontakt - Domenca.com Blog","isPartOf":{"@id":"https:\/\/www.domenca.com\/blog\/#website"},"datePublished":"2017-10-06T13:18:19+00:00","dateModified":"2024-08-13T07:21:49+00:00","breadcrumb":{"@id":"https:\/\/www.domenca.com\/blog\/kontakt\/#breadcrumb"},"inLanguage":"sl-SI","potentialAction":[{"@type":"ReadAction","target":["https:\/\/www.domenca.com\/blog\/kontakt\/"]}]},{"@type":"BreadcrumbList","@id":"https:\/\/www.domenca.com\/blog\/kontakt\/#breadcrumb","itemListElement":[{"@type":"ListItem","position":1,"name":"Home","item":"https:\/\/www.domenca.com\/blog\/"},{"@type":"ListItem","position":2,"name":"Kontakt"}]},{"@type":"WebSite","@id":"https:\/\/www.domenca.com\/blog\/#website","url":"https:\/\/www.domenca.com\/blog\/","name":"Domenca.com Blog","description":"Domenca Blog","alternateName":"Domenca Blog","potentialAction":[{"@type":"SearchAction","target":{"@type":"EntryPoint","urlTemplate":"https:\/\/www.domenca.com\/blog\/?s={search_term_string}"},"query-input":{"@type":"PropertyValueSpecification","valueRequired":true,"valueName":"search_term_string"}}],"inLanguage":"sl-SI"}]}},"_links":{"self":[{"href":"https:\/\/www.domenca.com\/blog\/wp-json\/wp\/v2\/pages\/6078","targetHints":{"allow":["GET"]}}],"collection":[{"href":"https:\/\/www.domenca.com\/blog\/wp-json\/wp\/v2\/pages"}],"about":[{"href":"https:\/\/www.domenca.com\/blog\/wp-json\/wp\/v2\/types\/page"}],"author":[{"embeddable":true,"href":"https:\/\/www.domenca.com\/blog\/wp-json\/wp\/v2\/users\/18"}],"replies":[{"embeddable":true,"href":"https:\/\/www.domenca.com\/blog\/wp-json\/wp\/v2\/comments?post=6078"}],"version-history":[{"count":2,"href":"https:\/\/www.domenca.com\/blog\/wp-json\/wp\/v2\/pages\/6078\/revisions"}],"predecessor-version":[{"id":7825,"href":"https:\/\/www.domenca.com\/blog\/wp-json\/wp\/v2\/pages\/6078\/revisions\/7825"}],"wp:attachment":[{"href":"https:\/\/www.domenca.com\/blog\/wp-json\/wp\/v2\/media?parent=6078"}],"curies":[{"name":"wp","href":"https:\/\/api.w.org\/{rel}","templated":true}]}}